 23 - (1 + (-1 - (0 + -2) - (258 + -247)))?
32
What is (31 - 28) + (52 - 41 - 49)?
-35
Calculate -10 + (30 - 57) + -1 + 1 + 14.
-23
What is (-1 - -5) + 4 + (18 - 24) + 57?
59
Calculate 47 - (26 - (31 + 0) - (-7 + 2)).
47
Calculate (61 - 1) + -58 + 27 + -91.
-62
Calculate 118 + -35 + (-18 - -5 - 2) + -2.
66
What is 76 + (-78 - (-60 + 7))?
51
Calculate 83 - (18 - 3) - 57.
11
Evaluate -9 + -6 - (-23 + -8 - (-3 - 12)) - -10.
11
Calculate -9 - -1 - -99 - ((-19 - -2) + 23 - -5).
80
What is the value of 1 + -66 + 42 + -5 - 26?
-54
Evaluate -10 + (8 - ((-3 - -16 - 0) + (-67 - -91))).
-39
-8 + -62 + 49 - (2 + -4 - 2 - 4)
-13
Evaluate (19 + -12 + 21 - 26) + (1 - 6).
-3
What is 100 + -2 + -23 - -3?
78
What is (-5 - 2) + (0 + (-73 - -10) - 21) - -8?
-83
Evaluate -108 - ((52 - -40) + -91).
-109
What is the value of ((-2 - -11) + -14 - -1 - 16) + -77?
-97
-3 - -9 - (109 - (17 - (-6 + 14 - 12)))
-82
Evaluate -67 - (-6 + (-21 - 0 - (-64 + 51))).
-53
-47 + -3 + 22 + 50
22
38 + (84 + -78 - (1 - -1))
42
35 + -3 + -49 + 50
33
Evaluate 0 + -82 - (-5931 - -5871).
-22
Calculate 2 + -16 - (659 + -786).
113
What is the value of 19 + -2 + (22 - 28 - -14)?
25
What is 1 - -54 - 72 - -26?
9
What is the value of 65 - 129 - (49 + -92)?
-21
(-13 + 36 - (14 + 4)) + 81
86
-7 + 3 + (-45 + 23 - 1 - 11)
-38
Evaluate (2 + -6 - 1) + -752 + 749.
-8
Evaluate 13 - (12 - 16) - 17.
0
What is the value of (0 + -34 - (-79 - -45)) + (-4 - -14)?
10
What is the value of 21 - (-53 - -103 - 34)?
5
What is 66 - (-135 - (-32 - 109))?
60
(-2 - -9) + 33 + (-72 - 46)
-78
Evaluate -25 - ((-31 - 43) + 82).
-33
13 + (-3 - -15 - 56) - -15 - 86
-102
What is the value of 29 + -96 + 11 - 27?
-83
Evaluate -8 + (-20 - (-9 + 3 - -19)).
-41
What is the value of -95 + 7 + (-2 + -8 - (-45 - -25))?
-78
Evaluate (126 - (-21 - -152)) + 27 + 1.
23
Calculate -33 + (-28 + 29 - -41).
9
What is -16 + (1 + -1 + -2 - 4) + 55?
33
What is -23 - (10 - (46 - 1)) - -34?
46
Evaluate (-38 + 30 - (-5 + 3 - 48)) + -1 + 3.
44
What is -5 + -15 + 22 - (-5 + 2 + -1)?
6
What is 35 + -2 + (503 - 454)?
82
Evaluate 76 + -19 + 0 + 7 + -11.
53
Calculate 13 + -66 + 56 + 22.
25
-132 + 1 + (22 + 1 + (3 - 13) - 12)
-130
Calculate 19 + (-11 - -13) + -4 + 3.
20
What is the value of 163 + -167 + 2 + 102?
100
161 + (15 - (53 + -37) - 42)
118
What is 39 + (-25 - (-35 + 13)) + -51?
-15
Calculate 548 + -545 - (6 + (5 - (-3 + 6))).
-5
Calculate 37 + -19 - (2 + -6 + (10 + -3 - -3)).
12
Evaluate (10 - 13) + 3 - (6 - -3).
-9
What is the value of -96 - (-40 + (29 - 61))?
-24
What is 1938 - 1911 - (2 - 32) - (-1 + (-12 - -1))?
69
Calculate 5 + 1 + -2 + -4 - ((0 - 5) + 21).
-16
Evaluate -55 - (-65 + 85 - 58).
-17
Calculate (83 - 68 - 2) + -24.
-11
What is (-5207 - -5192 - (3 + -3 + 0 + -6)) + 150?
141
27 + -7 - (14 + -9 + -2 - 6)
23
Evaluate -43 - (-6 + 0 - (-4 + (-12 - (-4 + -8)))).
-41
Evaluate (-35 + -22 - -58) + (-1 - -11) - -26.
37
What is -8 + (-26 - (-23 - (-10 - 3)))?
-24
Evaluate 7862 + -7774 - (5 - 0).
83
What is the value of 61 - (-6 - 55) - 62?
60
Evaluate (32 - -27) + -10 - -3.
52
What is the value of 23 + (8 - (-13 - -21)) + -10 + (14 - 5)?
22
(3 - (-21 + 1) - (-201 - -213)) + 10
21
-42 + (26 + -33 - (-1 + (-8 - 1))) - -2
-37
What is the value of 20 + (-45 + 27 - -14) - 69?
-53
Evaluate 238 + (168 - 311) + 1 + -6.
90
What is (6 - (2 + 7)) + -17 + 73?
53
What is the value of (-50 + (17 - -27) - (1 + -17)) + -9?
1
Evaluate 64 - (-22 + 30 + (7 - (-3 + 17))).
63
Evaluate 11 + -12 + (130 - (48 + -19)).
100
-1 + (15 - ((-13 - -46) + -14)) - (-1 - -5)
-9
Evaluate (-56 - 10) + 45 - 36.
-57
What is 105 + 0 + (47 - 288)?
-136
Calculate (-493 - -483) + (-31 - 1).
-42
What is the value of (1 - (-2 + 16)) + -33 + 19 + (-11 - -36)?
-2
Calculate 89 + (5 - -1) + (-17 - -12) + 3 + -4.
89
6 + (8 - 64) + 36
-14
-46 + 2 + 53 - (76 + -1)
-66
Calculate -7 + 0 + 14 + (-2 + -1 - -3) + -33.
-26
What is the value of -298 + 352 + -35 + -5?
14
Evaluate 159 + -173 - (-60 + -2 + -10).
58
What is the value of 9 + (0 - -3 - 0) + (-316 - -340)?
36
What is the value of -1 - ((-11 + 4 - 7) + 10 + 0 - 32)?
35
53 + 7 + (-29 - (29 - 68))
70
Calculate 61 - ((51 - 39) + -19 - (1 + 19) - -15).
73
Evaluate 2 + 4 + 1 + 8 + (-4 - (-5 - -53)).
-37
Calculate (-75 - -5 - -4 - (6 - 2 - -5)) + 9.
-66
What is (-78 - -20 - -44) + -1?
-15
What is the value of -5 + -13 - (-213 - -161)?
34
Evaluate (-17 + (-12 - -17) - -26) + (2 - 5).
11
Calculate (167 - 167) + -6 + (0 - 3).
-9
Evaluate (0 + 1 - -12) + 74 + (-236 - -160).
11
Calculate 3277 + -3342 - (-2 + -26).
-37
Evaluate (16 + -18 - -19) + -92 - (0 + 0).
-75
What is -22 - 2 - (17 - (-2 + (52 - 13 - 11)))?
-15
What is (31 - -9 - 5) + -20 + 2?
17
-36 + 36 + -123 - -27
-96
-4 + (-4 - (11 - 8)) + 14 - -7
10
Evaluate (32 - (41 - -9)) + 95.
77
26 + -26 - (-8 + 8 + -7 + -3)
10
101 - (-808 + 771 + (-2 - -41))
99
-106 - 84 - -76 - -44
-70
What is the value of -135 + 85 + -27 - (-33 - 0)?
-44
What is the value of (-2 - 7) + (-4 + 14 + -14 - 54) + 11?
-56
-16 + (20 - 73 - -23) + 13
-33
Calculate (29 - (65 + -30)) + -15 - -54.
33
What is 8 + -4 + (12 + -7 - 4) + 27?
32
Calculate (30 - 42) + -23 - -51.
16
Calculate -21 - (20 - -1 - (17 + -34 + 27)).
-32
What is -4 + -27 + 23 - -33?
25
(-6211 - -6211) + -91 + -2
-93
What is the value of (-40 - -62) + 37 + -42 + (100 - -1)?
118
What is 20 - 4 - 3 - (17 + 68 + -28)?
-44
19 + 10 + -61 + (-10 - 10)
-52
-591 - -557 - (5 + -2 + -6 - 1)
-30
Calculate 51 + -4 - (4273 + -4185).
-41
Evaluate -6 + 0 + (-16 - 10 - -21 - 48).
-59
Evaluate 59 - (92 - 15 - 20).
2
-9 - (13 - 5 - 2 - (-16 + 6 + -1))
-26
Evaluate -126 + (-6 - (-124 - -79)).
-87
Evaluate -2 - (6 + -15 + (-23 - -17) + -78).
91
Evaluate (-2 + 43 + -70 - -32) + 43.
46
What is the value of (263 - 246) + 0 + 3?
20
Evaluate (-4 - 76 - (15 - -10)) + 3 + -16.
-118
Calculate (-5 - -13) + -32 + 45.
21
Evaluate (-10 + 3 - 14) + 8 + -2 - (182 + -118).
-79
Evaluate (-154 - -157) + 4 + -2 + -3 + -12.
-10
What is -46 + -6 + 15 + 3?
-34
(-39 + 13 - 11 - (2 - (0 - -1))) + 7
-31
Evaluate -1 + 17 + -297 + 292 - (8 + -1) - -89.
93
Calculate -23 + 21 - (22 + (1 - 20) - (-20 - -1)).
-24
What is the value of 9 - 1 - (7 + (0 - 1) - (5 + -4))?
3
Calculate 192 + -326 + 133 + 0 + -4 - (-43 + 1).
37
(-11 + 22 - 2) + -7 - (18 - -28)
-44
62 - (-92 + 136 - -1)
17
Calculate 53 - 63 - -21 - ((-54 - 4) + 0).
69
Evaluate 10 - (71 + -36 + -29 + 99 + -1).
-94
2783 - 2856 - (-3 - 59)
-11
7 - (34 + -108 - -32)
49
(84 - 71) + -27 - (4 - -1)
-19
-1 + 5 - (930 - 946)
20
What is -10 - (12 + -9) - (13 + 7 - -13)?
-46
Calculate (-38 - 0) + (-14 - (-11 + -18)) + -24.
-47
What is the value of (-13 - -33) + -2 + 9 + 20 + 12?
59
Calculate -3 - (-2 + -96 + -18 + 19 + 19).
75
Evaluate -55 + 33 + 53 + -27.
4
Calculate 17 + (2 - (-1 - 1)) + 24 + -26.
19
What is the value of 1 + -196 + 81 - -194?
80
Calculate (2 + 1 - (14 - -57 - 70)) + 20.
22
Calculate 1161 + -1209 - (-1 + -2) - (1 - 13).
-33
Calculate -120 - (-191 + 71 - -17).
-17
Evaluate 32 - (345 + -344 - (1 - -20) - -4).
48
Evaluate (10 - 4 - (-3 + 7 + -7)) + -43 + 19.
-15
Evaluate (7 - (14 + (-7 - -8 - 1))) + 7 - 102.
-102
What is 47 + (-44 - (16 - 23))?
10
What is the value of (-23 - (-6 + (-58 - 9))) + -11?
39
Calculate 8 + 118 + -4 + (30 - 23) + -13.
116
Evaluate 7 + 19 + 1 - (-410 + 430).
7
Evaluate -7 + -9 + 1 + -13 + 13 + 11 + 116.
112
Evaluate (-20 - (-39 - -5)) + -25 + (-9 - (8 + -12)).
-16
2 + (56 - 0) - (-1209 - -1232)
35
Calculate -46 + 0 - (3665 + -3677).
-34
-7 - -13 - (8 + 5)
-7
Evaluate (5 - 7 - 12) + -2 + 11 - -8 - -23.
26
What is 5991 + -6067 + 1 + 2?
-73
-4 + (-6 - -8) + 167 + -71 - 4
90
(-11 - 17) + (17 - -6)
-5
Calculate 4 + (-8 + (-27 - -21 - -3) - -20).
13
What is 57 + -120 + 69 + 16?
22
-83 + (6 - (34 + -25 + -11))
-75
Evaluate -47 + 36 + (8 - 2) - -10 - (35 + -76).
46
Evaluate (14 - 8) + 1 + 5 + -21 + (-2 - 36).
-47
Calculate 11 - (1 + (-54 - -30)) - 45.
-11
What is the value of (0 - 1) + (-1 - 2) + 14 - (4977 + -4980)?
13
What is the value of 36 + (107 - 47) + -122?
-26
Calculate -58 - (0 + 4 + -5) - (32 - (-18 - -39)).
-68
-79 - (-11 - 17 - 16 - -24)
-59
Evaluate -86 + (-1 - (-70 - -29)).
-46
What is 7 + ((17 - 2) + 7 - (78 - -57))?
-106
What is 293 + -262 + (-7 - 3)?
21
Calculate 16 + 1 + -3 + 2 + -56 + (8 - 11).
-43
Calcul